-77575 + -670?
-78355
In base 8, what is 3123 - -6735?
12060
In base 6, what is 13 + -21212150?
-21212133
In base 7, what is -63336 - 330?
-63666
In base 9, what is -367 - 82878?
-83356
In base 12, what is -25 + a5453?
a542a
In base 6, what is -12003101 + -34?
-12003135
In base 2, what is 10011101111110000110001 - 11110?
10011101111110000010011
In base 10, what is 15 - -1755137?
1755152
In base 12, what is 12 - -85746?
85758
In base 7, what is 11444 - -15502?
30246
In base 8, what is 5 - -453500607?
453500614
In base 16, what is 1ae + 3cb53?
3cd01
In base 7, what is 3 + 13020502?
13020505
In base 15, what is -170b + -1d6?
-18e2
In base 6, what is -14 + 434502?
434444
In base 13, what is 83690c - -4?
836913
In base 4, what is -3103 + 20111010?
20101301
In base 16, what is -17e + -409c2?
-40b40
In base 7, what is 20620512 - 25?
20620454
In base 9, what is 81665 - 26?
81638
In base 16, what is -d536 - 5?
-d53b
In base 14, what is dddc - -20a1?
1209d
In base 6, what is -32 + -134322342?
-134322414
In base 13, what is -56a9 + 141?
-5568
In base 10, what is 1675 - 9414?
-7739
In base 15, what is 69 + -31a638?
-31a5be
In base 8, what is 6430 - -1571?
10221
In base 13, what is 2010 + -176b?
572
In base 4, what is 222 - 220033102213?
-220033101331
In base 15, what is d + -2ab247?
-2ab239
In base 3, what is -101201112021002 - -22?
-101201112020210
In base 15, what is 0 + -2549863?
-2549863
In base 8, what is 2 + -2004432?
-2004430
In base 8, what is 63 - 107652?
-107567
In base 11, what is 218 + 108719?
108936
In base 6, what is -5 + -513353315?
-513353324
In base 12, what is -a1 + -21847?
-21928
In base 6, what is -1401 + -31333104?
-31334505
In base 4, what is -1330333332 + -100?
-1331000032
In base 11, what is 4a81117 + -3?
4a81114
In base 16, what is 65 - -e906?
e96b
In base 4, what is 3033232212222 - 1?
3033232212221
In base 10, what is -4736653 - 3?
-4736656
In base 3, what is 21122012001112 + -1?
21122012001111
In base 10, what is -628910 + -22?
-628932
In base 6, what is -1 - 1521151133?
-1521151134
In base 5, what is 1431 + 14023112?
14030043
In base 15, what is -b611e27 + -5?
-b611e2c
In base 8, what is -1 + 6056510?
6056507
In base 9, what is -2253 + -102722?
-105075
In base 2, what is -1010100 + -11111011101010100?
-11111011110101000
In base 4, what is 1000023223 + 102113?
1000132002
In base 15, what is 3dd40 + -d2?
3dc5d
In base 15, what is 4a4d287 - -b?
4a4d293
In base 8, what is -2 - -2144546?
2144544
In base 15, what is -18958d + e?
-18957e
In base 16, what is 18d49 - -954?
1969d
In base 2, what is 10010101 + -1001001100001101011111?
-1001001100001011001010
In base 5, what is 30 + -214420431?
-214420401
In base 6, what is 3402155355 - 11?
3402155344
In base 2, what is -101 - -10010010110010010011100011?
10010010110010010011011110
In base 8, what is 67203 + -3574?
63407
In base 9, what is -3536 + -88172?
-102718
In base 16, what is 10 + 50d2dff?
50d2e0f
In base 9, what is 1642312 + -6?
1642305
In base 8, what is -1372576 + 4?
-1372572
In base 4, what is -113132002 + -11020?
-113203022
In base 10, what is 276356 + -8?
276348
In base 7, what is 4660 - 116015?
-111025
In base 8, what is 5155764 - -412?
5156376
In base 3, what is 11201221011010220221 + -10?
11201221011010220211
In base 3, what is -2120 - -12211121021010?
12211121011120
In base 9, what is 28 - -81231?
81260
In base 2, what is 101110011001010011011101000001 + -11?
101110011001010011011100111110
In base 5, what is -1123012014 + 0?
-1123012014
In base 8, what is 1075613 - -267?
1076102
In base 3, what is -21021002122002 - -201?
-21021002121101
In base 3, what is 111120112121121 - 10?
111120112121111
In base 13, what is 875 - 279b?
-1c26
In base 15, what is 1dcb - 2c9d2?
-2ab06
In base 4, what is 113110130323131 + 3?
113110130323200
In base 13, what is 4 + 2a750a8?
2a750ac
In base 12, what is 42 - 454577?
-454535
In base 16, what is 1b93 - c3ac?
-a819
In base 4, what is -310133 + -31022200?
-31332333
In base 8, what is 27172407 - -4?
27172413
In base 11, what is 2a57 + -2a51?
6
In base 14, what is -1c71 + 7c0?
-1491
In base 10, what is -325004 + 335?
-324669
In base 13, what is 2c - 2659c8?
-265999
In base 6, what is 31325450 + -2504?
31322542
In base 14, what is d272828 + 2?
d27282a
In base 12, what is 26 - 6172ba?
-617294
In base 7, what is 1244203334 - -1?
1244203335
In base 13, what is -29c - 33ab74?
-33b143
In base 16, what is 214 - -127fc?
12a10
In base 4, what is -203221233 - 2120322?
-212002221
In base 13, what is 219a - 24c8?
-32b
In base 6, what is 2124315 + -114010?
2010305
In base 13, what is -5148982 - -3?
-514897c
In base 4, what is -133 + 2312000103?
2311333310
In base 6, what is -1514404040 - -2?
-1514404034
In base 15, what is 10 - -7606?
7616
In base 12, what is -9 - 6659?
-6666
In base 9, what is -73674 + 156?
-73517
In base 11, what is -2 + 22562838?
22562836
In base 2, what is 10 + 100000011100?
100000011110
In base 14, what is 2c7 + 4c02?
50c9
In base 11, what is 1aa - -31013?
31212
In base 4, what is -131211222002 - -1?
-131211222001
In base 13, what is -8 - -32cc11?
32cc06
In base 13, what is 11a8cab - 6?
11a8ca5
In base 7, what is 454105 - 621?
453154
In base 15, what is d1272 - -105?
d1377
In base 3, what is 221020002 + -12020?
221000212
In base 9, what is 33 + -51235?
-51202
In base 4, what is 111133 + -3330323?
-3213130
In base 9, what is 844136 - -316?
844453
In base 8, what is -56274051 + 0?
-56274051
In base 12, what is -742a231 + 4?
-742a229
In base 9, what is 366 + 43842?
44318
In base 4, what is 10 + 2012130112212?
2012130112222
In base 14, what is a264d + 53?
a26a2
In base 15, what is 1 - 676481a?
-6764819
In base 9, what is -17026 - 138?
-17165
In base 10, what is 3710447 - 1?
3710446
In base 6, what is -14 + -32341100?
-32341114
In base 3, what is 122112012120121 - 1101?
122112012112020
In base 9, what is -5 - 255718?
-255724
In base 10, what is 6169 + -119370?
-113201
In base 9, what is 16 - -17865175?
17865202
In base 15, what is -32e990 - -5e?
-32e931
In base 5, what is 1103 - 142422240?
-142421132
In base 16, what is 6 + 3df2d?
3df33
In base 10, what is 26 - 3215679?
-3215653
In base 7, what is 41450302 + 6?
41450311
In base 3, what is 20001112 - 2012010111?
-1222001222
In base 9, what is -5 + -40163100?
-40163105
In base 16, what is db8 - -5f?
e17
In base 15, what is 3 - 6b8a27?
-6b8a24
In base 6, what is -32523140 + -14?
-32523154
In base 15, what is -3 + 27299b0?
27299ac
In base 12, what is -29a4068 + b?
-29a4059
In base 9, what is -141182233 + 3?
-141182230
In base 9, what is 1175 - 1011411?
-1010225
In base 2, what is -10010010000000000 + 1100010010?
-10010000011101110
In base 12, what is -10 + -14a5605?
-14a5615
In base 7, what is -13230 - -10165?
-3032
In base 7, what is 110443335 - 4?
110443331
In base 10, what is -3 + 3345879?
3345876
In base 4, what is 2 - 33300221121?
-33300221113
In base 3, what is -20110202012121000 - 21?
-20110202012121021
In base 5, what is -41423 - -2224130?
2132202
In base 15, what is -814a - -92d?
-771c
In base 10, what is -1418187 + 7?
-1418180
In base 4, what is 12 - 1023020233330?
-1023020233312
In base 8, what is -103530002 - 4?
-103530006
In base 15, what is -c + 37139c5?
37139b8
In base 11, what is 326 + 9a638?
9a963
In base 6, what is 113123203 - 22?
113123141
In base 13, what is -1c7 - -16aa36?
16a83c
In base 16, what is 192 - -1e8e72?
1e9004
In base 11, what is 143 + 62266?
623a9
In base 10, what is -182377 + -55?
-182432
In base 13, what is 11831 - 228?
11606
In base 9, what is -6826 - -5274?
-1542
In base 9, what is -15805 + -4056?
-20862
In base 14, what is -32c - -26a99?
2676b
In base 8, what is 5 - -2014534344?
2014534351
In base 12, what is 4638 + 437?
4a73
In base 3, what is -1112100 + -11220121?
-20102221
In base 10, what is -419351 + -102?
-419453
In base 5, what is 444030033104 - 1?
444030033103
In base 4, what is 10313231020 + -132?
10313230222
In base 10, what is -2100 + 11852?
9752
In base 13, what is 5 + 18476520?
18476525
In base 6, what is -343 + 412152?
411405
In base 8, what is -661021 + -405?
-661426
In base 10, what is 502 + 477?
979
In base 2, what is 11 + 1110011001000101000011101?
1110011001000101000100000
In base 11, what is 50 - 120a9506?
-120a9466
In base 4, what is 